is the highest common factor of f and 24?
12
Let w be 3 - 2/(6/(-135)). Let y(b) = b**2 + 2*b - 8. Let k be y(-6). What is the greatest common divisor of w and k?
16
Let v be 126/4*(-100)/(-30). Calculate the highest common divisor of 21 and v.
21
Let m(s) = s + 3. Let n be m(2). What is the greatest common divisor of n and 2?
1
Let f = 0 + 4. Let m = f - 2. What is the highest common factor of 18 and m?
2
Let x be 3 - 2*1/(-1). Suppose -x*o + 8 = -32. Calculate the greatest common divisor of 56 and o.
8
Suppose 2*b = -3*v + b + 36, -5*b = 4*v - 59. Let k(f) = -5*f. Let s be k(-11). What is the highest common factor of v and s?
11
Suppose -4*p = -79 - 57. Let u(v) = 23*v**2 + 4*v - 6. Let z be u(2). Let d = z - p. What is the greatest common divisor of 40 and d?
20
Let l(a) = 27*a. Let m be l(2). What is the greatest common factor of m and 36?
18
Let d(t) = 4*t**2 - 11*t + 6. Let l be d(9). Calculate the highest common divisor of 21 and l.
21
Suppose -7*x + 50 + 34 = 0. What is the greatest common divisor of 48 and x?
12
Suppose 3*t + t = 72. What is the highest common factor of t and 162?
18
Let d(u) = -u + 12. Let h be d(10). What is the highest common divisor of 5 and h?
1
Let p(q) = 50*q. Let n be p(2). Suppose 5*s - b - 98 = 0, -3*b = -4*s + 5*s - 26. Calculate the highest common divisor of n and s.
20
Suppose -20 = -5*d + 570. Suppose -d - 26 = -2*r. Let g be 664/72 + (-4)/18. Calculate the highest common divisor of g and r.
9
Let y be -143*((-21)/28 - (-2)/(-8)). Calculate the highest common divisor of y and 13.
13
Suppose 5*q - 30 = -10. Suppose -5*a + 107 = q*k, 0*a = -k + a + 38. Calculate the highest common divisor of k and 3.
3
Let q be 1*4 + (-12)/(-16)*4. What is the greatest common factor of q and 14?
7
Let n = -104 + 148. Suppose -2*h = -d + n, 5*d + 0*h - 4*h = 196. Calculate the highest common factor of d and 12.
12
Suppose 2*v = 4*v - 2*r - 188, -4*v + r = -391. Let f(z) = z**3 - 2*z**2 - 4*z - 5. Let t be f(4). What is the greatest common factor of t and v?
11
Suppose -18 = -5*b + 3*b. Let a(v) = -3*v**2 - 2*v - 5. Let u be a(4). Let i = u + 106. Calculate the highest common factor of b and i.
9
Suppose -5 = -3*f - 20. Let l = 0 - f. Suppose l*q = -0*q + 45. Calculate the greatest common factor of 9 and q.
9
Let j be (-542)/(-6) - (-1)/(-3). Let r = 5 + 31. What is the greatest common divisor of j and r?
18
Let k(y) = y**3 - 5*y**2 + 2*y - 2. Let q be k(6). Let v = 111 - q. Let s = 47 - 34. Calculate the highest common divisor of v and s.
13
Suppose 3*r = 3*d + 15, 4*r - 6*r = 3*d - 15. What is the greatest common divisor of 2 and r?
2
Let r(n) = 7*n**2 + 9*n. Let t be r(-6). What is the greatest common factor of t and 22?
22
Let l(t) = 2*t**2 - 6*t - 3. Let g be l(6). Suppose -3*u + 0*u + g = 0. What is the highest common divisor of 77 and u?
11
Let r be 12*1*(0 + 1). Suppose 3*y - 3*s = -6*s, 5*y + 2*s - r = 0. Let k be (-1)/((-1)/(-8)*-2). Calculate the greatest common divisor of y and k.
4
Suppose -8*i + 4*i + 432 = 0. Calculate the greatest common divisor of i and 12.
12
Let m = 134 - 14. Calculate the highest common factor of m and 15.
15
Suppose 2*s + 3*s - 154 = -2*h, -4*s + 118 = -h. Let g be ((-60)/7)/((-1)/28). What is the greatest common divisor of s and g?
30
Let d = -68 - -77. What is the highest common divisor of 171 and d?
9
Let q = 260 - -60. Suppose 6*r - q = 2*r. Let d(i) = -i**3 + 5*i**2 - i + 1. Let p be d(3). What is the greatest common factor of p and r?
16
Suppose 0 = 4*t + t - 25. Let i be (-23)/(-115) + 44/5. Let s = i - -16. Calculate the highest common divisor of s and t.
5
Let t be (-4)/(2/(-1)) - -3. Suppose 0 = -t*z - 20, 2*o - 2*z - z = 28. Calculate the greatest common factor of 2 and o.
2
Let j = -3 - -5. Suppose -4*q - 4 = 5*i, j*i + 20 = -3*i. Suppose 5*f = q*b - 565, 4*f + 0*f = -4*b + 556. What is the highest common factor of 20 and b?
20
Suppose 4*w + 4*q - 9 = 7, 4*w + 3*q = 20. Let k = w - 4. What is the greatest common divisor of 1 and k?
1
Let i be (-1)/(-2)*(2 + 24). Suppose -a + 9*x + 168 = 4*x, 2*a = -4*x + 266. Calculate the highest common factor of a and i.
13
Let g(i) = -i**2 + 4*i + 12. Let j be g(9). Let p = 55 + j. Calculate the greatest common divisor of p and 11.
11
Let v(u) = -3*u**2 + 60*u + 1. Let i be v(20). Calculate the highest common divisor of i and 4.
1
Suppose 17*q = 13*q + 116. What is the highest common factor of 203 and q?
29
Let f(n) be the third derivative of -n**4/4 - 6*n**2. Let x be f(-6). Calculate the greatest common divisor of x and 54.
18
Let w(a) = 15*a - 2. Let s be w(1). Suppose s = -2*j + 233. What is the highest common factor of j and 10?
10
Let h(r) = r + 10. Let l be h(-5). Calculate the highest common divisor of 1 and l.
1
Let x = 19 + -6. Let d(w) = -w + 117. Let f be d(0). Calculate the greatest common divisor of x and f.
13
Let a be 20/(25/(-5)) - -18. Calculate the greatest common factor of 42 and a.
14
Let f(z) = -2*z - 5. Let a be f(-4). Calculate the highest common divisor of a and 12.
3
Suppose 7 = 2*c - 11. Let z be (6/c)/((-3)/(-81)). Let q be (-446)/(-10) + 2/5. What is the highest common factor of z and q?
9
Let j = 51 - 35. Let v(y) = 17*y + 10. Let w be v(6). Calculate the greatest common factor of j and w.
16
Let v = 22 - -11. Calculate the greatest common factor of 3 and v.
3
Let l(n) = -14*n - 10. Let b be l(-7). Calculate the greatest common factor of b and 8.
8
Let h be -4*(-1)/(8/70). What is the greatest common divisor of 35 and h?
35
Let m be (57/18*-4)/(1/(-3)). What is the highest common factor of m and 38?
38
Let a = -34 + 38. What is the highest common divisor of a and 6?
2
Suppose 0*x = 4*x + 4*b - 8, 5*x - b = 28. Suppose 3*n + j = 3, -4*n + 18 = -x*j - 5. Calculate the greatest common factor of n and 5.
1
Let c = -47 + 87. Suppose f + 10 = -2*o + 5*o, 4*o = 2*f + 10. Calculate the highest common divisor of c and f.
5
Suppose 5*k - 50 = -0*k. What is the greatest common divisor of k and 5?
5
Suppose -40 = -6*a + a. Suppose 5*p = 4*h - 98, 5*p + 24 = h - a. Let j be (-66)/8*(-5 + 1). Calculate the greatest common divisor of h and j.
11
Let f be (70/(-105))/(4/(-30)). What is the highest common factor of 2 and f?
1
Suppose 3 = 5*u - 5*p - 7, -4*u - 2*p + 20 = 0. Suppose 0 = u*d - 2*d - 12. What is the highest common factor of d and 30?
6
Let b be 29/4 - 6/24. Let d(y) = y**3 + 8 + 7*y - 7 - b*y**2 + 3. Let g be d(6). Calculate the greatest common divisor of 2 and g.
2
Suppose 3*n + 17 + 1 = 0. Let l be 10/2 - n/(-2). What is the highest common factor of 2 and l?
2
Suppose -y + 0*y + 14 = 0. Let h be 5/(5/2) - -54. What is the greatest common divisor of y and h?
14
Suppose 2*r - 150 = -2*k, -6*k - 164 = -2*r - k. Suppose -4*x + t = -r, -85 = -2*x - 3*x - t. Calculate the highest common divisor of 54 and x.
18
Let p(c) = -c + 6. Let d be p(-6). Let l(g) = g + 8. Let i be l(6). Let v be -14 + i - (-36)/2. Calculate the greatest common factor of v and d.
6
Let f = -25 + 45. Calculate the highest common factor of f and 60.
20
Let x = 4 + -3. Let p be (168/(-40))/(x/5). Let a be (-9)/p - 32/(-7). What is the greatest common divisor of a and 45?
5
Let r = 83 + -50. Calculate the greatest common factor of 3 and r.
3
Let v be (-10)/(-55) + 31/11. Let y = 4 - v. Let f be (2 - (-10 - -1))/y. What is the greatest common divisor of f and 11?
11
Suppose 2*d - 3*r = 63, 0*d - 5*d + 145 = 5*r. Calculate the greatest common factor of d and 30.
30
Suppose 0 - 2 = -2*j. Suppose 0 = -a + j. Calculate the greatest common divisor of a and 9.
1
Suppose -2*m - 16 = -6*m. Suppose 113*h = 111*h + 8. What is the highest common factor of m and h?
4
Suppose -4*i = -3*o - 70, -79 - 7 = 3*o + 4*i. Let x = 46 + o. What is the highest common factor of 4 and x?
4
Let v(n) = n**3 + 11*n**2 + 9*n - 5. Let w be v(-10). Let a be (-5)/((-1)/5 + 0). What is the greatest common divisor of a and w?
5
Let m = 39 + -25. Calculate the greatest common factor of m and 35.
7
Suppose 5*s - 5 = 6*s. Let n = s + 6. What is the greatest common factor of 8 and n?
1
Suppose 0 = -3*v + 5*a + 305, v + 3*a = 2*a + 99. Calculate the greatest common divisor of 20 and v.
20
Let l be (-1)/5 + 396/30. Let j = 344 - 227. Calculate the greatest common factor of j and l.
13
